 g. Suppose 0 = -q*x + 7*x - 240. List the prime factors of x.
2, 3
Let l = 59 - 57. Suppose -l*x + 8*x = 618. List the prime factors of x.
103
Suppose -4*q - 5*o - 39 = -2*o, -5*o - 33 = 4*q. Let n(r) = r**3 + 12*r**2 - 10*r + 17. What are the prime factors of n(q)?
137
Let v be ((-12)/(-10))/((-8)/20). List the prime factors of v/(-12) + 2 + 950/8.
11
Suppose 0 = 26*g - 2*g - 24192. List the prime factors of g.
2, 3, 7
Let v = 3565 + -2016. List the prime factors of v.
1549
Suppose -57497 = -71*a + 77900. What are the prime factors of a?
1907
Let n be (156/(-9) + -2)*-6. Let p = n + -1. What are the prime factors of p?
5, 23
Suppose 0 = -4*s + 2*s + 348. List the prime factors of s.
2, 3, 29
Let j = 60 + -55. Suppose 0 = -j*t + 5, -621 = -l - 3*l - 5*t. What are the prime factors of l?
2, 7, 11
Let s be (-4 - -9 - 8)/(2/(-90)). Suppose -s = -12*c + 7*c. What are the prime factors of c?
3
Suppose -4 = -2*q + 3*b + 1, q = b + 5. List the prime factors of 1/(q/235)*6.
3, 47
Let k be (-1)/2 + ((-180)/(-8))/9. Suppose k*c = 72 + 44. What are the prime factors of c?
2, 29
Let o(y) = 3*y**3 - 3*y**2 + 3*y - 3. Let c be 6*((-30)/(-9) - 3). Let z be o(c). Suppose z + 13 = 2*x. What are the prime factors of x?
2, 7
Let j = 646 + -343. What are the prime factors of j?
3, 101
Suppose 0 = -4*r - r - 2*j + 4435, 4*r = -5*j + 3565. What are the prime factors of r?
3, 5, 59
Suppose 0 = -o - 5*q + 943, 3*o + 3*q = 3250 - 373. What are the prime factors of o?
3, 107
Suppose 21*m - 63 = -21. Suppose -4*k = 4*x - 216, -m*k - 276 = -7*k + x. List the prime factors of k.
5, 11
Suppose -2*j = p + 2*p - 20, -3*p + 3*j = -15. Let v(s) = 3*s**3 - 15*s**2 + 2*s. List the prime factors of v(p).
2, 3, 5
Let p(g) be the first derivative of g**4/4 - g**2 - 5*g - 9. What are the prime factors of p(4)?
3, 17
Let z(j) = -j**2 - 8*j + 8. Let a be z(-16). List the prime factors of ((-10)/25)/(1/a).
2, 3
Suppose 10 - 44 = -i. Suppose 5*b = 3*b + i. What are the prime factors of b?
17
Let l be (-2)/((-74)/(-19) + 28/(-7)). List the prime factors of l/((-50)/(-154) + 4/(-22)).
7, 19
Let d = 10869 - 7616. List the prime factors of d.
3253
Suppose -5*h = 4*p - 3100, 1233 = 2*h + 2*p + p. Suppose -16*f + 4*f + h = 0. What are the prime factors of f?
2, 13
Let d = -1 + 4. Suppose 0*l - 4*z = l + 8, d*l - 2*z = -52. Let s = 22 + l. List the prime factors of s.
2, 3
Let n(o) = -o**3 - 4*o**2 + o + 4. Let v be n(-4). Let a(b) = b**2 - b - 8. Let d be a(v). Let r = d - -30. List the prime factors of r.
2, 11
Let c be (3/(-2))/(15/150). What are the prime factors of 10/c + (-46)/(-6)?
7
Suppose 9*u = -16*u + 35800. List the prime factors of u.
2, 179
Suppose 0 = 11*i - 17*i + 4824. List the prime factors of i.
2, 3, 67
Let m(p) = -11*p - 3. Let t be (-8)/(-36) - 16/(-9). Suppose t*f = -0*f - 6. List the prime factors of m(f).
2, 3, 5
Let q(c) = -6*c + 1. What are the prime factors of q(-5)?
31
Let r = -51 + 53. Suppose 5*n + 253 = r*c, 122 = 2*c - c - n. What are the prime factors of c?
7, 17
Let i be -3 - (36/2)/(-1). Let k = 22 - i. Suppose -8*p = -k*p - 4. What are the prime factors of p?
2
Suppose -180 = 6*c - 624. List the prime factors of c.
2, 37
List the prime factors of (4/((-8)/726))/((-264)/2464).
2, 7, 11
Let a(t) = 2*t**3 + 29*t**2 + 8*t - 13. List the prime factors of a(-14).
71
Suppose 10*g = 6 + 14. Suppose 0 = g*l - 7*l + 930. List the prime factors of l.
2, 3, 31
Let m(f) = 3*f**2 - 20*f - 337. List the prime factors of m(-13).
2, 5, 43
Let z(n) = n + n + 9 + 14*n. What are the prime factors of z(5)?
89
Suppose -3*h + 3 = u, -6*u + 2*u = -5*h - 12. Suppose -6*v + 3*v + 9 = h. What are the prime factors of ((-2)/v)/((-9)/162)?
2, 3
Let g be 20/(-4)*-1 - 0. Suppose -181 = -g*w - 11. What are the prime factors of w?
2, 17
List the prime factors of 6/(-15) - (-1482)/5.
2, 37
Let j = 12 + -8. Let y be ((-2)/(-4))/(j/(-80)). What are the prime factors of (4/y)/((-4)/220)?
2, 11
List the prime factors of -557*((-2)/(-1))/(-2).
557
Suppose -2*n = -5*p + 16, 2*p = -4*n + 2*n - 2. What are the prime factors of ((-260)/39)/(1/n)?
2, 5
Let z be -4 - -8*(-15)/(-10). List the prime factors of (1 + z/(-12))*30.
2, 5
Suppose h = 13*h - 6636. List the prime factors of h.
7, 79
Suppose 4*v + 51 = -1. Let d be (0 - (-31 + 1))/((-105)/70). Let n = v - d. List the prime factors of n.
7
Let u = -92 + 339. Suppose o - u + 96 = 0. List the prime factors of o.
151
Let r(g) = -g**3 + g**2 + g + 43. Let t be r(0). Let p = t - 24. What are the prime factors of p?
19
Let i(a) = -2*a**2 - 2*a - 8. Let u be i(6). Let g = 33 - u. List the prime factors of g.
5
Let b(h) = 206*h + 57. What are the prime factors of b(2)?
7, 67
Let d(r) = -r**3 + 3*r**2 - 3*r + 9. Let q(v) = -v**3 + 4*v**2 - 3*v + 8. Let n(h) = -4*d(h) + 5*q(h). List the prime factors of n(6).
2, 29
Suppose -b - 2 = -5*n - 14, 48 = 4*b + n. List the prime factors of -1 + 9/b - 579/(-12).
2, 3
Let u(h) = 5*h - 2 + 0*h**2 - 5 + h**2 + 0*h. What are the prime factors of u(8)?
97
Suppose -6*f + 7*f = -5. Let q(i) = -14*i - 13. List the prime factors of q(f).
3, 19
Let b(m) = -14*m + 773. What are the prime factors of b(27)?
5, 79
Suppose 10 = 4*f + 2. Let j = f + 0. Suppose -4*v = 3*m - 20 - 36, -v - j*m = -19. What are the prime factors of v?
11
Suppose -2*g = -7*g - 55. Let j be (1/(-1))/(g/77). Suppose 0 = n + q - 0*q - j, -n + 2*q + 16 = 0. List the prime factors of n.
2, 5
List the prime factors of 2/(-22) + 40956/33.
17, 73
Suppose -4*s + 2*s - 36 = 0. List the prime factors of 36/(-8)*s + -1.
2, 5
Suppose -6*u = -9*u + 3*p, -2*p + 3 = -u. What are the prime factors of (-3)/9*u + -1 - -196?
2, 97
What are the prime factors of (-3 - 3) + (642 - 7)?
17, 37
Let d(s) be the third derivative of -s**4/12 + 20*s**3/3 + 14*s**2. What are the prime factors of d(18)?
2
Let z = -307 - -654. List the prime factors of z.
347
Let f be (-5)/(15/(-6)) + 2*4. Suppose 9*w = f*w - 58. What are the prime factors of w?
2, 29
Let o = 89 + -301. Let j = -88 - o. List the prime factors of j.
2, 31
Let m(f) = -19*f**2 - 2*f - 2. Let s be m(-1). Let p = 24 + s. Suppose -p*i + 397 = 52. List the prime factors of i.
3, 23
Suppose 0 = -g + 37 + 128. Suppose 2*d = -9 + g. List the prime factors of d.
2, 3, 13
Suppose f = -10 + 5. Let d(t) be the second derivative of t**4/12 - t**3/2 - 3*t**2 - 3*t. List the prime factors of d(f).
2, 17
Let g(c) = -15 - 16*c + 73*c - 32*c. Let n be g(-12). What are the prime factors of (4/(-3))/(10/n)?
2, 3, 7
Let n = -266 + 1007. Suppose n = 5*h - 89. List the prime factors of h.
2, 83
Suppose -24*u = -28036 - 2492. List the prime factors of u.
2, 3, 53
Let i(f) = 7*f**2 + 4*f - 1. Let z be i(6). Suppose -4*y - y + z = 0. What are the prime factors of y?
5, 11
Let v(a) = 2*a - 17. Let q be v(9). Let k(r) = 79*r**3 - 3*r**2 + 2*r. What are the prime factors of k(q)?
2, 3, 13
Suppose 2*o = 5*o - 9. Suppose -o*c + 4*n + 8 + 42 = 0, -5*n = c - 23. What are the prime factors of c?
2, 3
Let h = -465 + 665. Suppose 4*l = 8*l - h. List the prime factors of l.
2, 5
What are the prime factors of 34/(-2)*-1*(15 + -1)?
2, 7, 17
Let s = -221 - -250. List the prime factors of s.
29
Let b(p) = -84*p - 7. Let q(v) = -v + 1. Let z(y) = b(y) + 2*q(y). List the prime factors of z(-2).
167
Let l(j) = -2*j**3 + 27*j**2 - 19*j + 19. List the prime factors of l(11).
5, 83
Suppose c = -0*c + 99. Let x = -59 + c. List the prime factors of x.
2, 5
Let z = -77 + 77. Suppose -2*n + 248 + 74 = z. What are the prime factors of n?
7, 23
What are the prime factors of (-2322)/(-20)*2 + 168/(-840)?
2, 29
Let n(a) = -8*a**2 + 3*a + 634. What are the prime factors of n(0)?
2, 317
Suppose 4*f - 319 - 781 = 0. What are the prime factors of f?
5, 11
Let n(w) = -w**3 + 8*w**2 - 3*w + 4. Let s be n(5). Suppose -6*c + s = -32. What are the prime factors of c?
2
Suppose 46483 = 26*l + 13879. List the prime factors of l.
2, 3, 11, 19
Suppose 0*k - 24 = 3*k. Let o be -57 - (-4)/k*4. Let m = o + 86. What are the prime factors of m?
3
Let g(z) = z**2 + 7*z - 9. Let y be g(-7). Let p = -34 - -8. Let o = y - p. List the prime factors of o.
17
Let f(o) = o**3 + 7*o**2 + o - 4. Let k(r) = 2*r - 2. Let b be -4*(20/(-8))/(-5). Let u be k(b). List the prime factors of f(u).
2, 13
L